Is 41 a factor of 213046274?
False
Is 1750912991 a multiple of 28?
False
Is 3398 a factor of 99980588?
False
Is 119 a factor of 191151485?
True
Is 3081 a factor of 30180849?
False
Is 812 a factor of 97192340?
True
Is 26 a factor of 1542312?
False
Is 4 a factor of 20069443?
False
Does 431 divide 733660268?
True
Is 1477608230 a multiple of 98?
True
Is 366 a factor of 1226243832?
False
Is 60 a factor of 24846240?
True
Is 110 a factor of 1932078848?
False
Is 54979036 a multiple of 28?
True
Is 106 a factor of 132435234?
True
Does 1280 divide 764103680?
True
Is 271980400 a multiple of 34?
False
Is 635 a factor of 1735888705?
True
Is 34883027 a multiple of 127?
False
Does 106 divide 3149973?
False
Does 1253 divide 20968955?
True
Does 15 divide 8542500?
True
Is 53 a factor of 74307590?
True
Does 90 divide 39028637?
False
Does 13 divide 25805208?
True
Is 21929040 a multiple of 90?
True
Does 776 divide 38016355?
False
Is 18838965 a multiple of 96?
False
Is 232105270 a multiple of 126?
False
Does 17 divide 29339169?
False
Is 405725112 a multiple of 961?
False
Is 139507944 even?
True
Does 1594 divide 556841685?
False
Does 262 divide 299302250?
True
Is 584 a factor of 69884941?
False
Does 148 divide 32691502?
False
Does 1442 divide 176429701?
False
Is 290831160 a multiple of 60?
True
Is 15991218 a multiple of 150?
False
Is 250 a factor of 428546979?
False
Is 7102 a factor of 102923235?
False
Is 13222095 a multiple of 16?
False
Is 482 a factor of 9782672?
True
Is 3935 a factor of 1433795272?
False
Is 3076336953 a multiple of 4359?
False
Is 9279621 a multiple of 77?
False
Is 100 a factor of 29899920?
False
Is 1187 a factor of 106339769?
True
Is 401 a factor of 59729752?
True
Is 25 a factor of 64588575?
True
Is 371645439 a multiple of 15?
False
Is 24563449 a multiple of 401?
False
Is 375781830 a multiple of 30?
True
Is 49 a factor of 368576688?
False
Is 560 a factor of 159512384?
False
Does 2263 divide 2722640193?
True
Is 31030350 a multiple of 39?
True
Does 19 divide 514672627?
True
Does 31 divide 3207039459?
False
Is 38 a factor of 1059896067?
False
Is 76 a factor of 840009853?
False
Is 100199843 a multiple of 29?
True
Does 156 divide 12235538?
False
Is 604 a factor of 1452394505?
False
Is 15 a factor of 1971289351?
False
Is 574523339 a multiple of 1391?
True
Is 13175 a factor of 933360205?
False
Does 39 divide 407693793?
True
Does 714 divide 303450?
True
Is 667 a factor of 336019179?
False
Does 339 divide 897767165?
False
Is 1097631563 a multiple of 16?
False
Does 969 divide 65053973?
False
Does 1291 divide 111358672?
False
Is 657 a factor of 7902745?
False
Does 967 divide 217000602?
True
Does 202 divide 6666927?
False
Is 38145000 a multiple of 150?
True
Does 562 divide 23797081?
False
Is 126988911 a multiple of 1179?
True
Is 4292094406 a multiple of 8172?
False
Is 55 a factor of 25928764?
False
Does 9 divide 3445131?
False
Does 582 divide 229892910?
True
Does 50 divide 68787900?
True
Does 287 divide 2119406604?
True
Does 25 divide 26983850?
True
Is 1378080886 a multiple of 182?
True
Is 75701701 a multiple of 12?
False
Is 392 a factor of 350927416?
True
Is 8978929 a multiple of 9?
False
Is 418 a factor of 132255534?
False
Is 2338231 a multiple of 401?
True
Is 2346 a factor of 356966377?
False
Is 17087616 a multiple of 156?
True
Does 51 divide 60639?
True
Does 5 divide 53220315?
True
Is 629 a factor of 2535989132?
False
Does 2541 divide 517661917?
False
Does 309 divide 38611404?
True
Is 23448790 a multiple of 302?
True
Is 4 a factor of 9778908?
True
Does 4599 divide 609569856?
True
Does 1620 divide 66594918?
False
Is 253 a factor of 42906564?
False
Is 504 a factor of 75118176?
True
Is 7 a factor of 1262535435?
True
Is 290 a factor of 836226997?
False
Is 6765 a factor of 1777354920?
True
Is 190651640 a multiple of 3?
False
Is 111184517 a multiple of 12?
False
Is 1126650048 a multiple of 669?
False
Is 1589832 a multiple of 24?
True
Is 334589605 a multiple of 35?
True
Does 1509 divide 3617468358?
True
Is 1143013509 a multiple of 99?
True
Is 2661 a factor of 77146283?
False
Is 1641237219 a multiple of 30?
False
Is 435222214 a multiple of 7012?
False
Is 164461663 a multiple of 2714?
False
Is 17 a factor of 40326550?
True
Is 14 a factor of 313196646?
True
Is 6474 a factor of 1491688829?
False
Is 2515262955 a multiple of 240?
False
Is 185931060 a multiple of 140?
True
Is 131 a factor of 7847877?
False
Is 94 a factor of 142089084?
True
Is 126160599 a multiple of 11?
False
Is 351 a factor of 257399639?
False
Is 15 a factor of 19826767?
False
Is 31 a factor of 7706600?
True
Is 125576976 a multiple of 5?
False
Is 8 a factor of 680185248?
True
Does 172 divide 186292734?
False
Does 198 divide 325271628?
True
Does 14 divide 555507414?
True
Does 212 divide 33161496?
False
Does 740 divide 2976045420?
True
Is 17 a factor of 79183177?
False
Does 19 divide 78584836?
True
Does 37 divide 5514255632?
True
Is 86 a factor of 58912312?
False
Is 964214277 a multiple of 4?
False
Is 10468080 a multiple of 2480?
True
Does 6 divide 519130662?
True
Is 15943704 a multiple of 42?
True
Does 9 divide 1277724122?
False
Is 688 a factor of 788982429?
False
Is 18 a factor of 923795860?
False
Does 8730 divide 1506424284?
False
Is 5165 a factor of 939353477?
False
Does 385 divide 25245869?
False
Does 361 divide 250957092?
True
Is 26132220 a multiple of 38?
True
Is 126 a factor of 77634478?
False
Does 1680 divide 7078134000?
True
Is 2723282404 a multiple of 1947?
False
Does 9 divide 443273821?
False
Is 4551203 a multiple of 9?
False
Does 31 divide 86259298?
True
Is 82 a factor of 11739202?
True
Is 91991448 a multiple of 122?
False
Is 120711824 a multiple of 1459?
True
Is 406 a factor of 42995203?
False
Is 22349440 a multiple of 235?
True
Does 98 divide 89576312?
True
Is 27719376 a multiple of 976?
True
Is 1357945758 a multiple of 2201?
False
Is 14 a factor of 150304196?
True
Is 73389406 a multiple of 4291?
False
Does 227 divide 17995198?
True
Does 3 divide 58827636?
True
Is 12413868 a multiple of 67?
False
Does 1021 divide 134332870?
False
Is 312587496 a multiple of 6856?
False
Is 447837508 a multiple of 14955?
False
Is 1039971830 a multiple of 112?
False
Does 215 divide 1053798791?
False
Is 3596346 a multiple of 13?
True
Is 229688528 a multiple of 16?
True
Is 50469600 a multiple of 1275?
True
Does 29 divide 259673668?
False
Does 10097 divide 493278838?
True
Is 1708 a factor of 61256052?
False
Is 480798340 a multiple of 484?
True
Is 15 a factor of 18870123?
False
Is 50530728 a multiple of 368?
False
Is 86 a factor of 34888024?
False
Is 176 a factor of 20119088?
True
Is 7787090 a multiple of 312?
False
Does 2998 divide 1843271658?
False
Is 13 a factor of 3438224775?
False
Does 58 divide 1054955087?
False
Is 64 a factor of 337164609?
False
Is 9604026 a multiple of 219?
True
Is 59920982 a multiple of 49?
False
Is 2371 a factor of 175892635?
True
Is 859 a factor of 353993041?
True
Is 52570808 a multiple of 340?
False
Is 19 a factor of 310595626?
False
Is 12 a factor of 11505204?
True
Is 26 a factor of 1930146649?
False
Is 25601424 a multiple of 8?
True
Is 482003860 a multiple of 187?
False
Is 110 a factor of 21088760?
True
Does 18 divide 67246531?
False
Does 12 divide 210806244?
True
Does 61 divide 71184321?
False
Is 17112488 a multiple of 140?
False
Is 827 a factor of 734964824?
True
Is 3 a factor of 55058748?
True
Does 227 divide 2050400200?
True
Is 438421320 a multiple of 196?
False
Is 131 a factor of 5380151660?
True
Does 8 divide 172849546?
False
Does 219 divide 260494443?
False
Is 2715 a factor of 381528161?
False
Is 136 a factor of 267167920?
True
Does 3 divide 8841100?
False
Is 25538507 a multiple of 252?
False
Does 3483 divide 1104021689?
False
Is 351 a factor of 26702163?
False
Is 1913786659 a multiple of 179?
False
Does 5915 divide 1174835652?
False
Is 1420023771 a multiple of 92?
False
Is 863717588 a multiple of 656?
False
Is 408 a factor of 535335168?
True
Does 857 divide 400614219?
False
Does 6 divide 12866436?
True
Is 20 a factor of 117875105?
False
Is 202 a factor of 42720172?
True
Is 51 a factor of 900582327?
True
Is 69917638 a multiple of 9?
False
Is 46375080 a multiple of 1784?
True
Is 600 a factor of 1562487600?
True
Does 561 divide 103498890?
True
Is 132 a factor of 52391328?
